hen 979740 is divided by 386.
72
Calculate the remainder when 383618 is divided by 372.
86
Calculate the remainder when 31333821 is divided by 1728.
1725
Calculate the remainder when 3591544 is divided by 6368.
6360
Calculate the remainder when 19313639 is divided by 47.
23
What is the remainder when 10776638 is divided by 177?
170
Calculate the remainder when 8404426 is divided by 135.
1
What is the remainder when 11307424 is divided by 5653702?
20
What is the remainder when 228300 is divided by 3869?
29
What is the remainder when 219960 is divided by 41?
36
Calculate the remainder when 480713 is divided by 4303.
3080
Calculate the remainder when 701816 is divided by 6559.
3
What is the remainder when 2768449 is divided by 21?
19
Calculate the remainder when 181653999 is divided by 38.
15
Calculate the remainder when 1375582 is divided by 168.
166
Calculate the remainder when 137595 is divided by 3791.
1119
Calculate the remainder when 1490667 is divided by 327.
201
Calculate the remainder when 1920545 is divided by 15.
5
What is the remainder when 9965505 is divided by 1333?
1330
What is the remainder when 991716 is divided by 330571?
3
What is the remainder when 61039 is divided by 60223?
816
Calculate the remainder when 29793 is divided by 29344.
449
What is the remainder when 24023 is divided by 376?
335
What is the remainder when 232519 is divided by 92?
35
Calculate the remainder when 1968591 is divided by 600.
591
What is the remainder when 56483885 is divided by 95?
20
What is the remainder when 18866187 is divided by 10?
7
Calculate the remainder when 8812008 is divided by 881185.
158
What is the remainder when 621307 is divided by 11502?
199
What is the remainder when 1686583 is divided by 57?
10
Calculate the remainder when 1963923 is divided by 2273.
51
What is the remainder when 43228 is divided by 407?
86
Calculate the remainder when 116369 is divided by 2232.
305
Calculate the remainder when 1638738592 is divided by 335.
332
What is the remainder when 17979113 is divided by 22874?
149
Calculate the remainder when 229033 is divided by 861.
7
Calculate the remainder when 1765414 is divided by 14121.
289
What is the remainder when 1029708 is divided by 13?
4
What is the remainder when 64706 is divided by 32351?
4
Calculate the remainder when 2611981 is divided by 2611945.
36
Calculate the remainder when 46252 is divided by 44496.
1756
What is the remainder when 1202046 is divided by 16?
14
What is the remainder when 904900 is divided by 2314?
126
Calculate the remainder when 2806985 is divided by 2037.
2036
Calculate the remainder when 79715883 is divided by 445340.
23
Calculate the remainder when 147473707 is divided by 14747370.
7
Calculate the remainder when 347598 is divided by 11210.
88
What is the remainder when 1078498 is divided by 539248?
2
What is the remainder when 194818 is divided by 28?
22
What is the remainder when 456147 is divided by 2193?
3
What is the remainder when 22652286 is divided by 1184?
1182
What is the remainder when 214290279 is divided by 24?
15
Calculate the remainder when 428181 is divided by 207.
105
Calculate the remainder when 243425892 is divided by 364410.
12
Calculate the remainder when 38376 is divided by 25.
1
What is the remainder when 105412942 is divided by 48?
46
Calculate the remainder when 2449408 is divided by 467.
460
Calculate the remainder when 139250 is divided by 33867.
3782
Calculate the remainder when 786906 is divided by 393439.
28
Calculate the remainder when 33487427 is divided by 196.
43
What is the remainder when 346073 is divided by 346021?
52
Calculate the remainder when 706694 is divided by 281.
260
Calculate the remainder when 791138 is divided by 112972.
334
What is the remainder when 3128905 is divided by 528?
505
What is the remainder when 34495 is divided by 1560?
175
What is the remainder when 4821544 is divided by 1607159?
67
Calculate the remainder when 7989543 is divided by 55.
23
What is the remainder when 5022751 is divided by 171?
139
What is the remainder when 6323832 is divided by 29413?
37
What is the remainder when 11597976 is divided by 108392?
32
What is the remainder when 1020075 is divided by 24?
3
What is the remainder when 76600 is divided by 3330?
10
Calculate the remainder when 4425769 is divided by 7659.
6526
What is the remainder when 152550 is divided by 8469?
108
What is the remainder when 14916920 is divided by 926?
912
Calculate the remainder when 134259958 is divided by 8902.
8896
Calculate the remainder when 122777158 is divided by 12.
10
What is the remainder when 24923376 is divided by 803979?
27
What is the remainder when 12601 is divided by 465?
46
Calculate the remainder when 69916 is divided by 1075.
41
What is the remainder when 3783678 is divided by 68?
22
What is the remainder when 48165 is divided by 165?
150
Calculate the remainder when 210942 is divided by 210694.
248
What is the remainder when 135464602 is divided by 132?
130
What is the remainder when 126876 is divided by 24740?
3176
What is the remainder when 59696 is divided by 5420?
76
What is the remainder when 26120 is divided by 8312?
1184
Calculate the remainder when 45269846 is divided by 8374.
2
Calculate the remainder when 837615238 is divided by 3752.
3750
Calculate the remainder when 238973 is divided by 39799.
179
Calculate the remainder when 116475621 is divided by 562.
559
What is the remainder when 93756581 is divided by 980?
961
What is the remainder when 6875963 is divided by 21?
17
What is the remainder when 16220972 is divided by 77?
75
Calculate the remainder when 63263 is divided by 1929.
1535
What is the remainder when 72293 is divided by 9025?
93
Calculate the remainder when 22372 is divided by 293.
104
What is the remainder when 410562 is divided by 13684?
42
What is the remainder when 9590223 is divided by 5685?
5313
Calculate the remainder when 41973820 is divided by 297.
295
Calculate the remainder when 602937364 is divided by 22.
18
What is the remainder when 81084095 is divided by 114?
113
What is the remainder when 219415 is divided by 89?
30
What is the remainder when 14341 is divided by 921?
526
Calculate the remainder when 535264595 is divided by 36.
35
What is the remainder when 4587239 is divided by 577?
89
What is the remainder when 595401 is divided by 595260?
141
Calculate the remainder when 447927 is divided by 5972.
27
What is the remainder when 1321362 is divided by 5265?
5112
What is the remainder when 128536 is divided by 4034?
3482
Calculate the remainder when 6493018 is divided by 19.
15
What is the remainder when 629262 is divided by 17007?
3
What is the remainder when 365689 is divided by 12538?
2087
What is the remainder when 171396 is divided by 170783?
613
What is the remainder when 248281 is divided by 90?
61
What is the remainder when 589564 is divided by 5579?
3769
What is the remainder when 3341 is divided by 3180?
161
What is the remainder when 73093 is divided by 349?
152
Calculate the remainder when 75062 is divided by 15008.
22
Calculate the remainder when 114161 is divided by 4073.
117
Calculate the remainder when 2947524 is divided by 572.
8
Calculate the remainder when 6430368 is divided by 5721.
5685
Calculate the remainder when 5096600 is divided by 112.
40
Calculate the remainder when 2997707 is divided by 33682.
9
What is the remainder when 4188154 is divided by 20?
14
What is the remainder when 37163534 is divided by 2855?
2854
What is the remainder when 1196533 is divided by 70383?
22
What is the remainder when 999032 is divided by 357?
146
Calculate the remainder when 353012 is divided by 21940.
1972
What is the remainder when 44965064 is divided by 229?
227
Calculate the remainder when 68539 is divided by 34189.
161
Calculate the remainder when 895849 is divided by 60.
49
What is the remainder when 164780 is divided by 81197?
2386
Calculate the remainder when 2872 is divided by 2157.
715
What is the remainder when 2007546 is divided by 21?
9
Calculate the remainder when 626104 is divided by 349.
347
Calculate the remainder when 1314773 is divided by 77336.
61
Calculate the remainder when 2544644 is divided by 10138.
6
Calculate the remainder when 8805071 is divided by 133410.
11
What is the remainder 